hat are the prime factors of 4930?
2, 5, 17, 29
What are the prime factors of 2648?
2, 331
List the prime factors of 2182.
2, 1091
What are the prime factors of 58?
2, 29
What are the prime factors of 1396?
2, 349
List the prime factors of 34523.
19, 23, 79
List the prime factors of 5328.
2, 3, 37
List the prime factors of 1152.
2, 3
What are the prime factors of 95575?
5, 3823
What are the prime factors of 2294?
2, 31, 37
List the prime factors of 1511.
1511
List the prime factors of 53117.
53117
What are the prime factors of 74242?
2, 7, 5303
What are the prime factors of 5752?
2, 719
What are the prime factors of 4935?
3, 5, 7, 47
List the prime factors of 16242.
2, 3, 2707
What are the prime factors of 1223?
1223
What are the prime factors of 1127?
7, 23
List the prime factors of 797.
797
What are the prime factors of 8881?
83, 107
What are the prime factors of 4439?
23, 193
List the prime factors of 1052.
2, 263
List the prime factors of 1819.
17, 107
What are the prime factors of 137798?
2, 68899
What are the prime factors of 14?
2, 7
List the prime factors of 1186.
2, 593
List the prime factors of 15793.
17, 929
List the prime factors of 52180.
2, 5, 2609
What are the prime factors of 162030?
2, 3, 5, 11, 491
What are the prime factors of 743?
743
List the prime factors of 4778.
2, 2389
What are the prime factors of 219?
3, 73
What are the prime factors of 39644?
2, 11, 17, 53
What are the prime factors of 978?
2, 3, 163
List the prime factors of 687.
3, 229
What are the prime factors of 37652?
2, 9413
List the prime factors of 102632.
2, 12829
List the prime factors of 393.
3, 131
List the prime factors of 1384.
2, 173
What are the prime factors of 800?
2, 5
List the prime factors of 63.
3, 7
What are the prime factors of 2999?
2999
List the prime factors of 9707.
17, 571
List the prime factors of 59411.
11, 491
What are the prime factors of 3430?
2, 5, 7
List the prime factors of 1559.
1559
What are the prime factors of 725?
5, 29
What are the prime factors of 1322?
2, 661
List the prime factors of 85697.
17, 71
What are the prime factors of 3526?
2, 41, 43
What are the prime factors of 54100?
2, 5, 541
List the prime factors of 304.
2, 19
What are the prime factors of 36039?
3, 41, 293
What are the prime factors of 1941?
3, 647
List the prime factors of 336.
2, 3, 7
List the prime factors of 190546.
2, 95273
List the prime factors of 184.
2, 23
List the prime factors of 101724.
2, 3, 7, 173
What are the prime factors of 375?
3, 5
List the prime factors of 1151.
1151
What are the prime factors of 27101?
41, 661
What are the prime factors of 7950?
2, 3, 5, 53
What are the prime factors of 121279?
23, 5273
What are the prime factors of 527?
17, 31
List the prime factors of 3560.
2, 5, 89
What are the prime factors of 28963?
11, 2633
What are the prime factors of 2721?
3, 907
What are the prime factors of 142?
2, 71
What are the prime factors of 4945?
5, 23, 43
What are the prime factors of 17286?
2, 3, 43, 67
What are the prime factors of 10976?
2, 7
What are the prime factors of 514?
2, 257
What are the prime factors of 8503?
11, 773
What are the prime factors of 3337?
47, 71
What are the prime factors of 1457?
31, 47
List the prime factors of 3696.
2, 3, 7, 11
What are the prime factors of 2092?
2, 523
What are the prime factors of 5115?
3, 5, 11, 31
What are the prime factors of 1344?
2, 3, 7
List the prime factors of 60903.
3, 67, 101
List the prime factors of 19478.
2, 9739
List the prime factors of 225.
3, 5
List the prime factors of 9683.
23, 421
What are the prime factors of 14032?
2, 877
What are the prime factors of 9805?
5, 37, 53
What are the prime factors of 82433?
13, 17, 373
What are the prime factors of 41070?
2, 3, 5, 37
List the prime factors of 17441.
107, 163
List the prime factors of 2604.
2, 3, 7, 31
List the prime factors of 17122.
2, 7, 1223
List the prime factors of 49114.
2, 13, 1889
List the prime factors of 815.
5, 163
What are the prime factors of 854?
2, 7, 61
List the prime factors of 3346.
2, 7, 239
List the prime factors of 14062.
2, 79, 89
List the prime factors of 61365.
3, 5, 4091
List the prime factors of 10540.
2, 5, 17, 31
List the prime factors of 22591.
19, 29, 41
What are the prime factors of 4372?
2, 1093
What are the prime factors of 24686?
2, 12343
What are the prime factors of 4483?
4483
What are the prime factors of 37788?
2, 3, 47, 67
What are the prime factors of 2634?
2, 3, 439
What are the prime factors of 1095?
3, 5, 73
What are the prime factors of 62193?
3, 20731
What are the prime factors of 36612?
2, 3, 113
What are the prime factors of 21882?
2, 3, 7, 521
List the prime factors of 241.
241
List the prime factors of 771.
3, 257
What are the prime factors of 1229?
1229
What are the prime factors of 8469?
3, 941
What are the prime factors of 14476?
2, 7, 11, 47
List the prime factors of 53249.
7, 7607
What are the prime factors of 5987?
5987
What are the prime factors of 24696?
2, 3, 7
List the prime factors of 702.
2, 3, 13
What are the prime factors of 1402?
2, 701
What are the prime factors of 43727?
73, 599
List the prime factors of 2610.
2, 3, 5, 29
List the prime factors of 48631.
11, 4421
List the prime factors of 3579.
3, 1193
List the prime factors of 711.
3, 79
List the prime factors of 3734.
2, 1867
List the prime factors of 35899.
35899
What are the prime factors of 23407?
89, 263
List the prime factors of 4199.
13, 17, 19
What are the prime factors of 36931?
36931
What are the prime factors of 58007?
19, 43, 71
List the prime factors of 60946.
2, 31, 983
List the prime factors of 1807.
13, 139
What are the prime factors of 5307?
3, 29, 61
List the prime factors of 7278.
2, 3, 1213
List the prime factors of 518.
2, 7, 37
What are the prime factors of 13931?
13931
List the prime factors of 2090.
2, 5, 11, 19
List the prime factors of 12464.
2, 19, 41
List the prime factors of 590.
2, 5, 59
List the prime factors of 913.
11, 83
What are the prime factors of 1203?
3, 401
What are the prime factors of 6645?
3, 5, 443
What are the prime factors of 1343?
17, 79
List the prime factors of 65275.
5, 7, 373
What are the prime factors of 13814?
2, 6907
What are the prime factors of 2154?
2, 3, 359
List the prime factors of 81434.
2, 19, 2143
List the prime factors of 47.
47
What are the prime factors of 24702?
2, 3, 23, 179
What are the prime factors of 30570?
2, 3, 5, 1019
List the prime factors of 19599.
3, 47, 139
List the prime factors of 835.
5, 167
What are the prime factors of 19006?
2, 13, 17, 43
What are the prime factors of 3008?
2, 47
List the prime factors of 7986.
2, 3, 11
What are the prime factors of 135?
3, 5
What are the prime factors of 43799?
7, 6257
What are the prime factors of 16371?
3, 17, 107
List the prime factors of 1565.
5, 313
What are the prime factors of 3998?
2, 1999
What are the prime factors of 39638?
2, 19819
What are the prime factors of 99972?
2, 3, 2777
List the prime factors of 62600.
2, 5, 313
List the prime factors of 169.
13
List the prime factors of 30.
2, 3, 5
What are the prime factors of 8535?
3, 5, 569
What are the prime factors of 3303?
3, 367
What are the prime factors of 7917?
3, 7, 13, 29
List the prime factors of 9229.
11, 839
What are the prime factors of 244?
2, 61
List the prime factors of 593.
593
List the prime factors of 5609.
71, 79
List the prime factors of 851.
23, 37
What are the prime factors of 16671?
3, 5557
List the prime factors of 1875.
3, 5
List the prime factors of 8895.
3, 5, 593
What are the prime factors of 36737?
17, 2161
List the prime factors of 665.
5, 7, 19
List the prime factors of 67.
67
What are the prime factors of 8658?
2, 3, 13, 37
What are the prime factors of 12?
2, 3
List the prime factors of 7334.
2, 19, 193
What are the prime factors of 30127?
47, 641
List the prime factors of 2923.
37, 79
List the prime factors of 6561.
3
What are the prime factors of 34143?
3, 19, 599
List the prime factors of 3973.
29, 137
What are the prime factors of 66955?
5, 7, 1913
List the prime factors of 1146.
2, 3, 191
List the prime factors of 1042.
2, 521
What are the prime factors of 938?
2, 7, 67
List the prime factors of 103653.
3, 11, 349
What are the prime factors of 1102?
2, 19, 29
What are the prime fact